 j*i + 2 = -0. Let k = 34 + i. Calculate the greatest common factor of 3 and k.
3
Suppose 0 = 5*i + 22 - 2. Let a be (54/i)/((-3)/4). Suppose 0 = -k + 2, -o - 3*k + a = k. What is the highest common factor of o and 50?
10
Let t be 0/(-5) + 21 + 0. Calculate the greatest common factor of 21 and t.
21
Suppose 0 = -a + 5*t + 110, 2*a - 6*a + 389 = -3*t. What is the highest common divisor of 19 and a?
19
Let k(o) = o**3 + 5*o**2 - 5*o + 6. Let y be k(-6). Suppose z = -5, y*z = -5*u + z + 665. What is the greatest common divisor of 12 and u?
12
Let p(o) = -33*o + 4. Let w be p(-4). Suppose d - 5*z = 50, w = -0*d + 3*d - z. Suppose -3*a + d = -0*a. Calculate the greatest common divisor of a and 10.
5
Suppose -12 = -5*c + 98. Let j(n) be the first derivative of 2*n**3/3 + 2*n**2 + 2*n - 2. Let a be j(-2). Calculate the highest common divisor of a and c.
2
Let k = -2 + 3. Let q(u) = 12*u**3 - u + 1. Let b be q(k). Suppose 5*l - 280 = 5*s, l - 5*s = 10 + 30. What is the greatest common factor of b and l?
12
Suppose -8 = -z + 3*c - 2, 4*z = 4*c + 56. Calculate the greatest common factor of 198 and z.
18
Let b = 5 - -28. What is the highest common factor of b and 22?
11
Let n be (46*4)/4 + 2. Suppose 4*q = 6*z - 3*z - n, 0 = -5*q. Calculate the greatest common factor of z and 16.
16
Let g(c) = 4*c + 56. Let o be g(-13). Let r(z) = 9*z - 6 - 2 + 6*z**2 - 4*z**3 + 3*z**3. Let k be r(7). Calculate the greatest common factor of k and o.
2
Let c = 116 + -268. Let w be (-6)/15 - c/5. Let i be 2/(1 + 26/(-30)). Calculate the greatest common factor of i and w.
15
Let t = -24 + 8. Let u be (2 - t)*(-2 - -4). Calculate the greatest common divisor of u and 9.
9
Suppose -y + 4*c = y + 12, -4 = -2*y - 4*c. Let t = 5 + y. Calculate the highest common factor of 2 and t.
1
Suppose -3*q + 5*b = -204, -2*q + b - 3*b = -120. Calculate the greatest common factor of 7 and q.
7
Suppose -4*w + 140 - 44 = 0. Let c(v) = 7*v**2 + 3*v - 4. Let s be c(-4). What is the greatest common factor of s and w?
24
Let k(d) = d**2 + 5. Let h be k(0). Suppose 2*b - 5*w = -w + 16, 0 = h*w - 20. Calculate the greatest common factor of 64 and b.
16
Suppose h - 11*s + 9*s = -1, -h + s = -4. What is the greatest common factor of h and 72?
9
Let b = -39 + 135. Calculate the greatest common divisor of b and 24.
24
Let d(i) = -i + 17. Let v be d(-5). What is the greatest common factor of 11 and v?
11
Let b(w) = 10*w + 4. Let s be b(7). Suppose s + 21 = 5*k. Calculate the highest common factor of 190 and k.
19
Suppose -n + 4*d + 1 = 7, -5*n + 5*d = -15. Let f(b) = 3*b**2 - 4*b - 7. Let i be f(n). Calculate the highest common divisor of 7 and i.
7
Let j be -1 - (-1 + (-106)/(-1)). Let h be 1*j/(-4)*2. Let a = -33 + h. Calculate the highest common divisor of 5 and a.
5
Let f(b) = -b**2 - 12*b + 13. Let p be f(-9). Suppose 25 = -5*t + 105. Calculate the highest common divisor of t and p.
8
Let r(a) = 2*a**3 + a**2 - a. Let l be r(1). Suppose 2*o + l - 4 = 0. Calculate the highest common factor of 11 and o.
1
Suppose 0 = -m - 0*m + 4. Suppose 13 = 3*b - m*k, b = k - 3 + 6. Let s = 3 - b. What is the highest common divisor of 44 and s?
4
Suppose 3*u - u - 8 = b, -3*u = -3*b - 21. Let z be (-3 + (-2)/(-4))*b. Calculate the highest common divisor of z and 75.
15
Let q be (-8790)/(-105) - 2/(-7). What is the greatest common factor of q and 21?
21
Suppose -21*g + 834 + 258 = 0. Suppose -3*r - 5*q + 39 = 0, -r - 4*r + 2*q + 65 = 0. Calculate the greatest common factor of r and g.
13
Let k(a) = -3*a - 2. Let z be k(-7). What is the greatest common factor of z and 19?
19
Let h = 0 - -4. Suppose -h*u = -3*a - 11, -2*u + 0*u + 1 = -3*a. Calculate the greatest common factor of 40 and u.
5
Let n be -2 + (-3 + 4)*65. Calculate the highest common factor of n and 36.
9
Let f = 441 + -252. Calculate the highest common factor of f and 27.
27
Suppose -f = 2, -2*v - f + 8 = -3*f. Suppose -y + 27 = v*y. Let m(k) = -k + 72. Let i be m(0). Calculate the greatest common factor of i and y.
9
Let z be 2/3 + 259/21. Calculate the highest common divisor of 117 and z.
13
Suppose 2*g - 2 = 0, l - 4*g = -2*g + 1. Let y be 3 + l + 4/(-1). Calculate the greatest common divisor of y and 2.
2
Let y be (-161)/(-35) - 4/(-10). Let p = 6 - y. Let j(f) = f**3 - f**2 + 1. Let g be j(0). Calculate the greatest common factor of g and p.
1
Let j(a) = 17*a**2 + 3*a - 1. Let x = -11 - -8. Let g be j(x). What is the greatest common divisor of g and 13?
13
Suppose 3*d - 92 = 283. Calculate the greatest common factor of 25 and d.
25
Suppose 0*h - 8 = -4*h - u, 0 = -5*u. Let m be h/(-6) - (-2)/6. Let p be 3*2 - (m + -3). Calculate the greatest common divisor of 9 and p.
9
Suppose 0 = 5*k + 5*l - 525, 2*l = k - 0*l - 120. Suppose -4 = 7*b - 6*b. Let s be 6/(-4) - 46/b. What is the greatest common divisor of k and s?
10
Let z(s) = 24*s**2 + 3*s + 2. Let b be z(-1). Calculate the highest common factor of b and 92.
23
Let c = 120 - 72. What is the greatest common divisor of c and 6?
6
Let o = 1 + 2. Let p = 16 + -10. Suppose -4*h + 4*q + 40 = p*q, 0 = -5*h + o*q + 72. Calculate the greatest common divisor of h and 36.
12
Let w(d) = -d + 7. Let x be w(5). Suppose -3 + 5 = x*r. Let u(y) = y + 7. Let m be u(-6). Calculate the highest common divisor of m and r.
1
Suppose -b = -j - 39 - 8, -158 = -4*b - 2*j. Suppose -n + 3 = -2*n. Let d(v) = v**2 + v. Let m be d(n). What is the greatest common factor of m and b?
6
Suppose 5*b - p + 0*p = 375, -b + 75 = 5*p. Calculate the greatest common divisor of b and 3.
3
Let p(d) = -45*d**3 - d. Let v be p(-1). Suppose 7*a + y - 145 = 2*a, 2*y = 2*a - v. Calculate the greatest common divisor of a and 56.
28
Let y(m) = 16*m. Let v be y(1). Calculate the highest common divisor of 16 and v.
16
Let l(y) = -y**3 + 6*y**2 - 4*y + 5. Let p be l(4). Let k = -102 + 144. What is the greatest common factor of p and k?
21
Let d be 38/8 - (-2)/8. Let b be (-2010)/(-45) + (-1)/(-3). Suppose -45 = -3*v + 5*w, 2*v + v + 4*w - b = 0. What is the highest common factor of d and v?
5
Let f(c) = c**2 - 2*c - 1. Let h be f(-1). Let u(s) = -h*s - 4*s + s**3 + 10 - 5. Let l be u(4). Calculate the highest common factor of l and 9.
9
Suppose 0 = -5*c + 20 - 5. Let q be 4/10*(-10 - -15). Suppose q*m = -c*r + 7, -4 = 2*r + 2. What is the greatest common divisor of 24 and m?
8
Suppose 0 = 2*l - 23 + 3. What is the greatest common divisor of 40 and l?
10
Suppose -62 = -2*c + 3*m - 8, c + 2*m = 20. Suppose 181*j - 4 = 179*j. Suppose -j*r = r - c. Calculate the highest common factor of r and 24.
8
Suppose -2*x - 4*q = -2*q - 38, -3*x + 50 = -4*q. What is the greatest common factor of x and 108?
18
Let a = 4 - -9. Let r be (18/(-1))/(45/(-60)). Suppose -2*b + r + 2 = 0. What is the greatest common factor of b and a?
13
Suppose -12*r + 682 = 34. Calculate the greatest common divisor of 189 and r.
27
Let j(x) = 3*x**2 + 2*x. Let k be j(4). Let s = 3 + 4. What is the greatest common factor of k and s?
7
Let j = 116 - 61. What is the greatest common divisor of 22 and j?
11
Let k be 1/((18/216)/(42/8)). What is the highest common divisor of k and 9?
9
Let p = -40 - -60. Calculate the greatest common factor of 100 and p.
20
Suppose 1225 = 6*y + y. What is the highest common factor of y and 25?
25
Let d(t) = 6*t + 3. Let q be d(4). Suppose -v + 4*m - 13 = -4, -m = v - 6. What is the highest common factor of v and q?
3
Suppose -3*a - u = -3 + 7, 4*u = -3*a - 7. Let i be (-6)/(-8) - a/4. Suppose 57 = 4*x + i. What is the greatest common factor of 56 and x?
14
Let z(t) = 3*t**3 + t**2 + 4*t - 3. Let o be z(2). Calculate the greatest common factor of 66 and o.
33
Let t be 10*(-3)/24*-4. Let o = 27 - 17. Calculate the greatest common factor of t and o.
5
Let s(l) = -l**3 - 3*l**2 + 3*l + 3. Let z be s(-2). Let m = 37 + z. What is the highest common factor of 12 and m?
6
Let u(k) = 2*k**3 + 2*k**2 + 2*k - 1. Let j be u(3). Calculate the greatest common divisor of 33 and j.
11
Let j = -5 - -27. What is the greatest common factor of j and 198?
22
Let w = 250 + -160. Let g = 1 - -4. Suppose 0 = -g*r + r - 3*z + 144, 5*z = -2*r + 72. What is the highest common factor of w and r?
18
Let n = 126 + -84. Let g be 6/((30/28)/5). What is the highest common divisor of g and 